4*x = g + 38, 2*g + 16 = 2*x + 3*g. Let b be (1 + 2)*(-640)/(-30). Suppose -h = 23 - b. Calculate the remainder when h is divided by x.
5
Suppose 2*o - 27 = 5*u, 15 = o + u - 5*u. What is the remainder when 117 is divided by o?
7
Let z(f) = -f**3 - 37*f**2 - 2*f - 54. Suppose -3*q + 22 = p, 2*p + p = -3*q + 90. Calculate the remainder when p is divided by z(-37).
14
Let a be (-3 + (-2 - -3))*-1 - 2. Suppose -4*f = -3*t - 60, a = 3*f + t - 0*t - 45. What is the remainder when 103 is divided by f?
13
Let w = 12 + -10. Suppose 3*j = -0*j - w*o + 33, 11 = j + 5*o. Suppose -r = -3*p + j + 61, -4*p + 96 = 4*r. What is the remainder when 71 is divided by p?
23
Let k = -94 + 108. Suppose -207 = 5*c - k*c. What is the remainder when 58 is divided by c?
12
Let v be -1 + 1 + (3 - -137). Suppose 5*g + v = 5*l, -4*l + 0*g = g - 112. What is the remainder when 81 is divided by l?
25
Let s(i) = -17*i + 199. Calculate the remainder when 316 is divided by s(10).
26
Suppose 2*x + 2*x - 17 = -d, 0 = -3*x + 3*d + 24. Suppose -x*b + 40 = -b. Calculate the remainder when b is divided by 4.
2
Let f = -5 + 12. Suppose -k - 5 = 0, -12 = c - 5*k - 50. What is the remainder when c is divided by f?
6
Calculate the remainder when 73 is divided by 25 + -31 + 2 + 45.
32
Suppose 0*f + 30 = 2*f. Suppose 2*k + 23 = 3*g, 2*g - 3*k = 3*g - f. Suppose -c = -30 + g. What is the remainder when 83 is divided by c?
20
Let q(w) = -7*w - 3*w - 3*w - 1 + 3*w. Let f(s) = s**3 + 8*s**2 + 6*s - 2. Calculate the remainder when q(-2) is divided by f(-7).
4
Suppose -11*y + 7*y + 268 = 0. Suppose 5*a - 105 = -2*k, -4*k + 6*k = -3*a + y. Calculate the remainder when 34 is divided by a.
15
Let c be ((-24)/20)/((-3)/((-30)/(-4))). Calculate the remainder when c + 0 - (-78 + (-2 - -3)) is divided by (-1)/2*(-108)/2.
26
Let n(k) = k**2 + 10*k - 15. Suppose 5*s - 5*r = -90, 2*r - 41 = 4*s + 27. Let c = 10 - -4. What is the remainder when n(s) is divided by c?
11
Suppose -3*a - 3*v = -6, 4*v = a - 4*a + 3. Let m(t) = -t**3 + 5*t**2 + 2*t - 7. Calculate the remainder when 6 is divided by m(a).
0
Suppose 0 = 4*p + 15 - 59. Let q = 80 + -48. What is the remainder when q is divided by p?
10
Suppose u - 17 - 6 = -5*j, -4*u = -3*j + 23. Let x(q) = 3*q + 7*q + 6*q - 5*q - q**2 - j. What is the remainder when x(9) is divided by 7?
6
Suppose 3*w = -w + 124. Let n(g) = -3*g**3 - 3*g**2 - 3*g - 2. Calculate the remainder when w is divided by n(-2).
15
Suppose 0 = g + 2411 - 2465. What is the remainder when 246 is divided by g?
30
Let l = 27 - -30. Let g = -2 - -18. What is the remainder when l is divided by 0 + -20*(-12)/g?
12
Suppose 3*q - 48 = -a, q + 2*a - 10 = 11. Calculate the remainder when -3*(28/3)/(-1) is divided by q.
13
Suppose 23 = -4*o + 4*h + 339, 5*o + 4*h - 368 = 0. Suppose k - 132 = -4*v, 3*k = 2*v - 4*v + o. Calculate the remainder when 126 is divided by v.
30
Let s(h) = 25*h - 41. What is the remainder when 67 is divided by s(3)?
33
Let a = -706 - -775. Calculate the remainder when 962 is divided by a.
65
Let j = 1930 + -1581. Calculate the remainder when j is divided by 105.
34
Let l be (-167)/(-11) + 6/(-33). Suppose 3*r = -3*g + l, -5*r + 4*g + 31 + 30 = 0. Suppose c = r + 5. What is the remainder when 40 is divided by c?
12
Suppose -h + 3 = 0, 0 = 3*y - 2*h + 3 - 0. Let s be 3*-1 + y + 6. Calculate the remainder when 32 is divided by (-1)/(-4) - (-67)/s.
15
Suppose -63 = 5*o - 83. What is the remainder when 415 is divided by o?
3
Let h = -55 - -35. Calculate the remainder when (4/(-20) + 346/h)*-2 is divided by 19.
16
Let d = -9 + 18. Let i = 18 - d. Suppose i + 0 = w - 4*f, 0 = 5*w - 2*f - 117. Calculate the remainder when 97 is divided by w.
22
Suppose 5 = -4*c + 13. Suppose -4*k - 72 = -4*h, h - 5 - 5 = 5*k. What is the remainder when c/(-5) - (-297)/5 is divided by h?
19
Let q(a) = a**3 - 11*a**2 + 21*a - 13. What is the remainder when (-115)/(2 + -7) - (-1 + -2) is divided by q(9)?
12
Suppose -70*y + 107*y = 1739. Calculate the remainder when 164 is divided by y.
23
What is the remainder when 54 is divided by (6/(-15))/(-4 + (-474)/(-120))?
6
Let f(o) = 8*o**2 + o - 1. Suppose 0 = -5*s - 3*l + 263, 0 = -3*l - 19 + 7. What is the remainder when s is divided by f(2)?
22
Let u(n) = -n**3 + 43*n**2 - 117*n - 67. What is the remainder when u(40) is divided by 19?
15
Suppose -11*k + 301 = -238. Calculate the remainder when 113 is divided by k.
15
Let a = -16 + 22. Suppose -k + 3*p - a = -p, -2*p + 24 = k. What is the remainder when 40 is divided by (-1)/2*k*-2?
12
Suppose 3*l - 22 - 80 = 0. Calculate the remainder when 276 is divided by l.
4
Suppose 4*d - 138 = -c, -3*c + 20*d + 450 = 23*d. Calculate the remainder when c is divided by 52.
50
Let x = 985 - 829. Calculate the remainder when x is divided by 66.
24
Suppose -115 = -6*k + 71. Calculate the remainder when 205 is divided by k.
19
Let n be (20 - 5)*4/(-6). Let r = 6 - n. Let o(g) = -7*g - 99. Calculate the remainder when o(-23) is divided by r.
14
Suppose 0 = 143*o - 150*o + 574. What is the remainder when 400 is divided by o?
72
Suppose 5*c - 226 + 1 = 0. Calculate the remainder when 170 is divided by c.
35
Let l(r) = 19*r**3 + 2*r**2 + r - 1. Let b(v) = -v - 8. Let z be b(-9). Calculate the remainder when 62 is divided by l(z).
20
Suppose 58 = -5*q - 4*m, 0 = -3*q + m + 3*m - 54. Let u be (-620)/q + 12/(-42). Let a = 73 - u. Calculate the remainder when 85 is divided by a.
27
Let o(z) = -3*z - 1. Let k be o(-1). Suppose 0 = 3*a + 3*p - k - 67, 0 = -3*a - 2*p + 65. Calculate the remainder when 73 is divided by a.
16
Let d be -2 - (-9 + (3 - -1)). Let q(k) = -k**3 + 4*k**2 - 2*k. Let o be q(d). Suppose -2 = -o*w + 4. What is the remainder when 7 is divided by w?
1
Let a(p) = 2*p**3 + 20*p**2 + 40*p + 9. What is the remainder when a(-6) is divided by 26?
5
Let p = 987 - 960. What is the remainder when p is divided by 11?
5
Let p = 192 + -179. Calculate the remainder when 24 is divided by p.
11
Let i be (-1)/2*(-30 - 2). Suppose 12 = 4*d - i. Let w = 8 - d. What is the remainder when 1 is divided by w?
0
Suppose -295 = 9*h - 7. Let i = h + 94. Calculate the remainder when i is divided by 16.
14
Suppose -12 - 5 = -5*c - z, 3*z - 7 = -4*c. Suppose 2*m = 7*m - 4*s - 37, -m - c*s = -17. Calculate the remainder when 33 is divided by (-440)/(-36) + (-2)/m.
9
Suppose 3*s - i = i + 113, s - 19 = -4*i. Calculate the remainder when 379 is divided by s.
29
Let s(o) = 3*o**3 + 16*o**2 + 10*o + 31. Suppose h + 84 = 5*h. What is the remainder when h is divided by s(-5)?
3
Let f(m) = 2*m - 3 + 8 + 1. Let c = 15 - 11. Calculate the remainder when 39 is divided by f(c).
11
Suppose -d + 13 = f, d - 5*f - 63 = -2*d. Suppose 15*i + 32 = d*i. Calculate the remainder when 63 is divided by i.
31
Let k = 34 - 32. Suppose 96 = 2*h - 4*j, 5*j = k*j. Calculate the remainder when 188 is divided by h.
44
Let f be (-5)/15 - (-28)/3. Suppose f*q - 2*q = 357. What is the remainder when q is divided by 12 - ((-4)/(-2))/(-2)?
12
Let y(b) = 3*b - 5. Let m be y(4). Let s = 4 + m. Suppose 0 = 5*k + w - 97, 5*k - 3*k - 5*w - 28 = 0. What is the remainder when k is divided by s?
8
Let u be (6 - (-5 - -5)) + -1. Suppose -k = -2*r + 2*k + 142, -u*r + k = -329. What is the remainder when r is divided by 22?
21
Let c = -207 - -247. What is the remainder when 116 is divided by c?
36
What is the remainder when ((-17)/3)/17 - (-434)/6 is divided by 19?
15
Let c be -5*(0 + 3 + -6). Suppose -3*x + 88 = l, l = -2*l - c. Suppose 2*b = -0*b + 34. Calculate the remainder when x is divided by b.
14
Let r(g) = -g + 16. Let l be r(12). Suppose j + 33 = l*j. Calculate the remainder when j is divided by 5.
1
Let w(b) be the second derivative of 5*b**4/12 - b**3/3 - b**2/2 - 7*b. Let p be w(2). Let t = p - 9. What is the remainder when 10 is divided by t?
4
Let b = -18 - -17. Let o be 1/(b/73 - 0). Let j = -32 - o. What is the remainder when j is divided by 22?
19
Let c be 4 + (-8 - -4)*8. Let j = c + 95. Calculate the remainder when 265 is divided by j.
64
Let i(n) = 10*n - 13. Let p be i(4). What is the remainder when 3/(p/(-2)) + (-1005)/(-27) is divided by 10?
7
Suppose -598 + 26 = -4*b - 4*t, -4*b = 2*t - 564. Calculate the remainder when b is divided by 48.
43
Let a(k) = -3*k - 2